ctor of 1649 and l.
17
Let m(i) = 15*i**3 - 2*i**2 + i. Let y be m(2). Suppose -c + y = -418. Let s be c/16 + 2/(-8). What is the greatest common divisor of s and 11?
11
Let u(w) = 3*w**2 - 7*w + 5. Let x be u(5). Let k = 31 - 24. Suppose 2*o - k*p = -3*p - 2, -3*o = 2*p - 37. What is the highest common divisor of x and o?
9
Suppose -5 = -s - 0*s. Suppose v + 1212 = 5*i - 0*v, -s*i = 3*v - 1204. Suppose -11*w + 49 + 193 = 0. What is the highest common factor of w and i?
22
Let q(p) = p + 14. Let v be q(-23). Let b be v/3 + 34 + -3. What is the highest common factor of 7 and b?
7
Let t be 5/10*-7*20/(-7). Let m(a) = a**3 - 3*a**2 + 9. Let p be m(4). Calculate the highest common factor of p and t.
5
Let q(k) = 6*k**2 + 6. Let i(r) = 24*r**2 - r + 25. Let p(a) = -2*i(a) + 9*q(a). Let g be p(4). What is the highest common factor of 12 and g?
12
Suppose -k + 0 = -6. Let b(z) = z**2 - 5*z - 5. Let h be b(k). Let x = h + 5. What is the highest common factor of x and 30?
6
Let k = 59 + -79. Let w be ((-115)/k)/((-2)/(-24)). Let a(u) = 2*u**2 - 8*u + 4. Let x be a(7). Calculate the greatest common divisor of w and x.
23
Let t be (-438)/(-27) - 20/90. Suppose t = 2*s - 4*c, 0 = -6*s + 2*s - 5*c + 45. What is the greatest common divisor of 5 and s?
5
Let m(c) = -110*c - 1. Let x be m(5). Let q = x - -775. Let k = q + -119. Calculate the highest common factor of 15 and k.
15
Suppose -a - 7*a + 88 = 0. Suppose 0 = -3*f + a + 1. Calculate the greatest common divisor of 20 and f.
4
Suppose 5*i - 5*b - 3 = -2*b, -2*i + 5 = -5*b. Let s(c) = 3*c - 2. Let a be s(i). Let k be a/4*(-448)/16. What is the greatest common divisor of 21 and k?
7
Suppose -5*l = -74 - 51. Suppose 2*k - 7*k = -l. Suppose 0 = 8*h - 4*h - 60. What is the highest common divisor of k and h?
5
Let b(d) = 10*d + 189. Let g be b(-14). Calculate the greatest common factor of g and 1568.
49
Let o be (-10)/45 + 682/(-9). Let i = o - -120. What is the greatest common factor of 110 and i?
22
Let y be (2 - -1)/((-6)/(-20)). Let q(d) = d**2 - 30. Let x = -74 - -64. Let j be q(x). Calculate the highest common factor of y and j.
10
Suppose 0 = -5*x + 32 + 38. Suppose 2*w - 3*r = -8*r + 715, 347 = w - r. Suppose 0 = -4*y - y + w. Calculate the highest common factor of y and x.
14
Suppose 12*k - 2*k = 0. Suppose -6*p + 3*p + 36 = k. What is the highest common divisor of 132 and p?
12
Let n be 68 - (-11 - -2)/3. Let q = -1 - -3. Suppose -5*u + q*w = -391, w + n = u + 3*w. Calculate the greatest common divisor of u and 11.
11
Let v = -194 - -217. Calculate the greatest common divisor of 184 and v.
23
Let w = -167 + 199. Let c be 9/3 - -11*7. Calculate the highest common factor of w and c.
16
Suppose -3*k - 4*h + 1591 = -2*h, k - 5*h = 536. Calculate the greatest common divisor of 18 and k.
9
Suppose -180 = -21*m + 3*m. Suppose -m*z + 6*z + 8 = 0. What is the highest common factor of 20 and z?
2
Suppose u - 5*t + 2*t = 77, -5*u + 375 = -5*t. Let a = -189 - -300. What is the greatest common factor of u and a?
37
Let s be 129/(-12)*80/(-10). Suppose c + 75 - 204 = 0. What is the greatest common factor of c and s?
43
Let w = 146 + -86. What is the greatest common factor of 100 and w?
20
Suppose -m - 809 = -3*j, -5*j + 3*m + 1350 = m. Let u = -53 + 54. Let q be j/6 + u/3. What is the greatest common divisor of q and 18?
9
Suppose 0 = 3*q + 14 - 122. Suppose 69 = h - q. Let y(d) = 5*d**2 - d. Let w be y(3). What is the highest common factor of h and w?
21
Let b(j) = -j**2 - 6*j - 3. Let d be b(-5). Suppose 0*h + 5*h + 5*l = 75, d*l = 4*h - 54. What is the highest common divisor of h and 168?
14
Let b(f) = 2*f**2 + 7*f. Let c be b(-5). Suppose 4*y - 628 = -148. Let d = 255 - y. Calculate the greatest common factor of c and d.
15
Suppose -8 = -25*c + 67. Calculate the greatest common factor of c and 5.
1
Suppose -15 = -6*d + 3*d. Suppose -d*i + 16 + 304 = 5*a, -2*i + 148 = -3*a. Calculate the greatest common divisor of i and 4.
4
Suppose -5*c + 2*d = -183 - 471, -3*c + 398 = -4*d. Let j = 9 - 4. Suppose 255 + c = j*r. Calculate the greatest common divisor of 11 and r.
11
Let w = -15 - -25. Let u = 19231 + -19131. Calculate the greatest common factor of u and w.
10
Let i be 48 - (-3 + 0*5/(-20)). What is the greatest common factor of 3 and i?
3
Let r(o) = o**2 - 11*o + 2. Suppose -4*q - 11 = -5*q. Let i be r(q). Suppose -i*u + 7*u - 20 = 0. Calculate the highest common divisor of 20 and u.
4
Let h(y) = y**3 + 29*y**2 + 87*y + 79. Let t be h(-24). Calculate the highest common factor of t and 67.
67
Suppose 4*v - 416 = -m + 770, 5*v - 1470 = 5*m. Let k be (-4)/(-5) + v/5. What is the greatest common divisor of k and 45?
15
Let n(c) = 13*c - 11. Let t be n(8). Let b(v) = v**2 + 2*v - 193. Let a be b(-16). What is the greatest common divisor of t and a?
31
Suppose -6 = -o - 3. Suppose o*r = 12, -3*s + 6*s - 80 = 4*r. Calculate the highest common factor of 16 and s.
16
Let m = 2200 - 2195. What is the highest common divisor of m and 790?
5
Suppose 108*d + 11*d - 1785 = 0. Calculate the greatest common factor of d and 735.
15
Let w(f) = -f**3 + f**2 + 39*f + 11. Let u be w(-8). Calculate the greatest common divisor of u and 55.
55
Let z = -129 + 131. Suppose -v + z*v + 91 = 2*f, -4*f = v - 173. What is the greatest common factor of 352 and f?
44
Suppose 2*y + n - 10 = 0, -10 = 2*y - 4*y + 5*n. Let m = y - 19. Let c = -1 - m. Calculate the greatest common factor of c and 26.
13
Suppose 0 = 2*a - 3*a + 2*c - 10, -2*a - 5*c + 16 = 0. Let j = a - -18. Calculate the greatest common divisor of j and 2.
2
Let a be -31 + 27 + (-5)/(-1). Suppose 2*o - 14 = -5*m, -4*m + o + 1 = -5. What is the highest common factor of a and m?
1
Suppose -4*y + 2*y + 30 = 0. Suppose -3*z + 278 = -37. What is the highest common factor of z and y?
15
Suppose 0 = -c + 4*b + 622, 0*c + b = c - 610. What is the highest common divisor of 6 and c?
6
Let c(p) = -p + 8. Let j be c(8). Let a be (-19)/2*(-2 - j). Let k be (-59 - -2)/((-12)/32). What is the highest common factor of k and a?
19
Suppose 3*a + 29 = 5. Let s(z) = -z**2 - 9*z - 2. Let u be s(a). What is the greatest common factor of 6 and u?
6
Let k be 32/6 - 4/12. Let l = 163 + -123. Calculate the greatest common divisor of l and k.
5
Let a(v) = v + 11. Let x be a(5). Let o = x - 13. Suppose -5*r + 315 = -5*p, o*r - 9 = -4*p + 180. Calculate the greatest common factor of 9 and r.
9
Suppose 0 = -3*m - 4*s - 7, 2*m + s - 3 + 11 = 0. Let q = -3 - m. Let p = 17 - 7. Calculate the greatest common divisor of q and p.
2
Suppose 117*s - 84 = 111*s. Let h be (-2)/(-10) + 276/20. What is the highest common factor of h and s?
14
Suppose c - 3*r + 58 = 238, 3*c - 527 = -4*r. What is the highest common factor of c and 236?
59
Let m = -36 + 25. Let b(t) = 3*t**2 + 27*t - 3. Let k be b(m). Let r be 4/(-10) + (-47)/(-5). Calculate the greatest common divisor of r and k.
9
Let q be 1/1*(3 + -2)*2. Let m(o) = -2*o**2 - 2*o + 1. Let k be m(1). Let y be (11 + -29)/(k/q). Calculate the highest common factor of y and 48.
12
Let n be (1/(-1 + 102/108))/(-1). Calculate the greatest common factor of 90 and n.
18
Suppose -4 = 2*p - 6*p. Let b(x) = -1 + 3 - p - 3*x**2 - x**3 - 10 - 3*x. Let r be b(-4). What is the greatest common factor of 57 and r?
19
Suppose 135*a - 448 = 128*a. What is the greatest common factor of a and 656?
16
Let g(b) = 2*b**2 + 3*b - 2. Let c be g(-2). Suppose c = -3*l + 2*f - 0*f + 1, 0 = l - 4*f + 3. What is the greatest common factor of l and 8?
1
Let a = -124 + 118. Let i(b) = b**3 + 7*b**2 + 3*b + 1. Let g be i(a). Calculate the highest common divisor of g and 95.
19
Let q be -2*(-5)/((-40)/12). Let n be (-25)/q - 6/18. Let s be (n/(-24))/(1/(-75)). Calculate the highest common divisor of 200 and s.
25
Let n be (-18)/(-4) + (-2)/(-4). Suppose 0 = -5*a + n*b + 180, -4*a + 5*b + 110 = -35. What is the greatest common divisor of a and 7?
7
Let v(h) = -3*h + 72. Let n be v(14). What is the highest common divisor of n and 210?
30
Suppose -5*p - 262 - 51 = -2*z, 0 = -p + 5. What is the highest common divisor of z and 1?
1
Suppose 3*z - 15 = 0, 0*c - 2*z + 775 = 3*c. What is the highest common factor of 45 and c?
15
Let r(t) = -6*t - 8. Let q be r(-6). Let k(z) = -z**3 + 9*z**2 + 23*z - 7. Let c be